What is 4 - ((8 - 3) + 0 - -2)?
-3
-3 + (-2 - (-5 + 2 + 2))
-4
What is the value of 1 + 2 + (25 - 33)?
-5
Evaluate -36 - -42 - (5 - 1).
2
What is 1 - (7 + (3 - 7))?
-2
1 + 0 - (0 - (-5 - -2))
-2
Evaluate 4 - ((23 - 7 - 0) + -7).
-5
Calculate -3 - -8 - (-4 + 8 + 0).
1
Calculate -3 + 6 - 0 - 0.
3
Evaluate (0 - -1) + 7 - (477 - 460).
-9
Calculate -2 + (3 - 1 - (-10 - -13)).
-3
What is the value of 0 - 1 - (-5 + 10 + -2)?
-4
Evaluate 4 - (1 - -4 - 2 - 8).
9
What is the value of 7 + -11 + (0 - -7)?
3
-1 + (2 + -5 - (8 + -15))
3
What is (-5 - -6) + -4 + -1?
-4
3 - (1 - (-4 - -1))
-1
5 + -7 - (-5 + 2)
1
What is 0 - -3 - (-13 + 12)?
4
-9 + (-11 - -11 - -8)
-1
What is 4 - -1 - (-11 - -15)?
1
Calculate -5 - ((1 - 3) + 2).
-5
Evaluate (-196 - -192) + -1 + (1 - 0).
-4
(-5 - (7 - 13)) + -1
0
What is -1 - ((11 - 6) + -7)?
1
(0 - (-5 - -1)) + 23 + -30
-3
What is -4 + (3 - (7 + -7))?
-1
What is the value of 3 + -12 - (-3 - 9)?
3
Evaluate 8 + (-2 - -1 - 2).
5
Calculate -5 - ((4 - 7 - 0) + 3).
-5
What is 11 + -3 - (-7 + 19)?
-4
Evaluate -4 + ((-4 - -11) + 0 - -2).
5
What is the value of -6 + 6 + (-4 - -1) + 7?
4
Evaluate 2 + -2 + (-4 - -7).
3
-9 + 8 + (0 - (-2 - 1))
2
What is the value of (-4 - -4) + (-5 - -2)?
-3
Calculate 0 + 7 + -12 + -1.
-6
-9 - (-3 + -6 + -1)
1
Calculate -3 + 5 + 5 + -7 + -2.
-2
What is -10 + (-3 - -5) + (-8 - -10)?
-6
Calculate 8 - ((16 - 8 - 0) + 5).
-5
4 + (-5 - -12) + -1 + 0
10
What is the value of -9 - -10 - (-1 - 4)?
6
-5 - -4 - (5 - 1)
-5
Evaluate 1 + 2 + 8 + -17.
-6
What is the value of 2 + 2 + -11 + 7?
0
Evaluate 15 - (15 + -12 - -3).
9
Calculate 120 + -123 - (7 - 1).
-9
Evaluate 4 + (-3 - 5) - -9.
5
-13 - -4 - (-6 + -4)
1
-2 + 5 + (-5 - -7) + -4
1
Calculate (6 - -12 - -2) + -11.
9
What is the value of 0 - 4 - (-22 - -22)?
-4
Calculate (-12 - -25) + -23 - -18.
8
What is 0 - (-5 - (-1 - 9))?
-5
Calculate -5 + 3 - 6 - -8.
0
Calculate 0 + 1 + -1 + 0.
0
Calculate -7 + (7 - 9 - -3).
-6
Evaluate 1 + 0 + 0 - (145 - 153).
9
What is (8 - -3) + -21 - -4?
-6
What is (20 - 22) + -1 + 1?
-2
Evaluate 1 - (3 - (4 + 3)).
5
-5 - (-1 - -2) - (52 + -51)
-7
What is the value of 9 + -8 - (1 - -3)?
-3
What is -2 + 5 - (3 + -6)?
6
Calculate 7 + (-6 - (-7 + 6)) - 5.
-3
What is the value of -6 + (0 - 3 - -4) - 2?
-7
(-1 - (-6 - -7 - 4)) + -3
-1
Calculate 79 + -64 - (4 + 2).
9
What is the value of -54 + 61 - (-1 - -8)?
0
Evaluate -8 + (0 - (-1 - (-5 + 6))).
-6
What is the value of 5 + (-9 - 5) + -1 + 6?
-4
What is 6 + -5 - (2 + 2)?
-3
What is (-1 - (-2 - -6)) + 4?
-1
Calculate 1 + -2 + (7 - 9).
-3
Evaluate 5 - (6 + -10 + 7).
2
Calculate 3 + (-1 - (-3 + -1 + 0)).
6
What is -2 + 3 + (-4 - -4)?
1
What is the value of (-3 + 3 - (-5 + 3)) + -3?
-1
What is -7 - (8 - (20 - 1))?
4
Evaluate (2 - 1) + 2 + 4 + -5.
2
What is 1 + (-12 - -4) - -10?
3
Evaluate 9 + (-15 - -13) + -11.
-4
-1 - (-1 - -3) - (2 - 0)
-5
What is the value of (-26 - -12 - -13) + -7?
-8
What is 12 + -3 + 0 + -2?
7
What is 2 - -2 - 9 - -2 - 2?
-5
What is the value of -2 - (4 + -11) - 11?
-6
Evaluate -2 + 4 + -1 + 0.
1
What is the value of 5 + -6 + (2 - 2) + 5?
4
What is the value of -8 - (3 - (2 - (-4 + 0)))?
-5
(378 - 380) + 0 + -7 + 1
-8
Evaluate 4 + -2 - ((1 - -2) + -4).
3
Calculate -4 + 4 + -1 + -15 + 20.
4
Evaluate 12 - (10 + 0) - 4.
-2
What is the value of (7 - -1) + (4 - 9)?
3
Evaluate 14 + -8 + -14 + 0.
-8
1 - (2 + 2) - -6
3
What is -4 + (0 - (6 - 6)) - 1?
-5
Calculate 18 - 22 - (-7 + -1 + -2).
6
0 - (3 + 3 + -8 + 0)
2
What is -1 + (5 - 2) - 2?
0
Evaluate 3 + -4 + (5 - (-2 + 5)).
1
2 + (2 - 8) + 2
-2
Evaluate 6 - 2 - (37 - 36).
3
(0 - 0) + -9 + 8
-1
Evaluate 6 + -11 + 3 + 7.
5
3 + (5 - (-9 + 26 + -9))
0
Evaluate -5 + -1 + (8 - -3).
5
What is the value of -6 - (1 - ((0 - 2) + 7))?
-2
Calculate -6 + (0 + -2 - -4) - -13.
9
Calculate -6 + -1 - ((10 - 24) + -1).
8
What is the value of -1 + 2 - (-8 + 14)?
-5
What is -19 + 17 + (-1 - -7)?
4
What is (32 - 28) + (-1 - 0 - -1)?
4
Evaluate 15 - (-6 + (3 - -2) + 7).
9
What is the value of 1 + -1 - (8 - (8 - -1))?
1
What is the value of -2 - (1 - (0 - (2 + -3)))?
-2
What is the value of 4 - (9 + -2 + -3)?
0
Evaluate 3 + (-4 - -14) + -7.
6
(-2 - -6 - (5 + -1)) + -3
-3
(-1 - -10) + (49 - 59)
-1
Evaluate 3 + (6 + -8 - 1).
0
Evaluate 6 + (-5 - (1 + 3 + 1)).
-4
What is the value of -3 + 1 + 1 - (-1 - -1)?
-1
Calculate -1 + -22 + 9 + 19.
5
Calculate (3 - (-2 + 4)) + -4 + -1.
-4
Evaluate (-8 - -8) + 5 + 0.
5
Calculate (-2 + -2 - -5) + 3.
4
What is -42 + 37 + 1 + 6?
2
Calculate -5 + (-5 - -12) - 2 - 3.
-3
Evaluate -4 + (3 - -14 - 4).
9
What is the value of -4 + 2 + (17 - 11)?
4
What is -2 + 10 - (15 + -4)?
-3
What is the value of -14 - (-2 - 10 - -3)?
-5
What is -60 + 68 - (3 + -2 + -2)?
9
Evaluate -1 + (-11 + 8 - -8).
4
Calculate 3 - (3 + -3 + 7).
-4
1 - 4 - (-3 + 1) - -1
0
What is the value of (4 + 3 - (-2 + 3)) + -1?
5
1 + 3 + (-5 - 1)
-2
What is the value of -5 + (-3 - (-4 + -2))?
-2
-4 + 5 + 1 + -1
1
Calculate 1 - (-4 + 3) - 7.
-5
What is (12 - 15) + -1 + 8 - -2?
6
What is -5 + (4 - (-8 + 2))?
5
What is the value of 2 + (-2 - (-8 - -5)) - 5?
-2
Calculate 1 - 3 - (0 - -3).
-5
Evaluate -6 + 1 - (6 + -15 + 10).
-6
What is the value of (0 - 5) + (5 + 1 - 3)?
-2
What is the value of -3 + 0 + 6 + -4 - 4?
-5
12 + 8 + -12 - (3 - -8)
-3
What is 12 - 0 - 12 - (1 - -5)?
-6
Evaluate (-8 - 2) + 3 - -3.
-4
Evaluate 3 + -8 + -2 + -4 + 2.
-9
Calculate -13 + -2 + 9 + 1.
-5
What is (-2 - -11) + 8 + -14?
3
What is (-12 - (-14 - -7)) + 0?
-5
Calculate 18 + (-8 - 1 - 3).
6
What is the value of 2 - (1 - 0) - (0 + 1)?
0
-8 + 4 + (-3 - -8)
1
Calculate 37 + -45 - (-6 + 0).
-2
Evaluate -2 + -2 + 4 + 0 - 0.
0
Calculate 1 + 1 - (0 + 3 + -6).
5
What is the value of -2 - (-1 + 1) - (-1 + 1)?
-2
What is -13 + -3 + 19 + -8?
-5
Evaluate -6 + (4 - (-14 - -6)) - 13.
-7
Calculate 0 + -4 - (-6 - -1 - 1).
2
-2 + 0 + -50 + 54
2
Calculate 47 + -45 - (1 + 8).
-7
What is the value of 87 + -77 + (-14 - -2)?
-2
What is (15 - 9 - 9) + 1 + 0?
-2
What is 2 + (2 + -3 - -3)?
4
Calculate (1 - (1 + 4 + -3)) + 0.
-1
What is the value of 7 + -4 + (5 - (-3 + 8))?
3
Evaluate (-11 - 1 - -8) + 8 + 2.
6
What is (4 - 1) + (-78 - -76)?
1
Calculate -11 - -6 - (-13 + 15).
-7
What is the value of (-1 - -4) + 1 + -10?
-6
Evaluate (4 - -2) + (-1 - (4 + -2)).
3
What is the value of (12 - 5) + -6 + 2 + 0?
3
Evaluate -1 + 0 - (10 + -9).
-2
Evaluate -12 + (-7 - -12 - -1).
-6
What is the value of (2 - 1) + -5 + 4 + -1?
-1
What is the value of 3 + -2 - ((-9 - -5) + 0)?
5
Evaluate (9 - -1) + -2 + (-27 - -14).
-5
-6 + (-2 - (0 + -5 + 0))
-3
3 - (4 + -2 + (0 - -1))
0
What is 4 + (3 - -3) + -8?
2
What is the value of -3 + (6 - 2) - (5 - 1)?
-3
What is -2 + 0 + (14 - 8)?
4
Evaluate 26 - 29 - ((-5 - -4) + 4).
-6
Calculate (0 - (4 + -1)) + -2 + 5.
0
-195 + 186 - (-1 + 0 - 0)
-8
Evaluate 0 - -4 - (0 - -11).
-7
What is -5 - (1 + -5) - -5?
4
What is 1 + -2 + 5 + (134 - 134)?
4
-1 - (14 + -7 + -8) - 6
-6
What is the value of (-1 - 3) + 1 + 2?
-1
Calculate 4 + -1 + -5 + -2.
-4
Evaluate (6 - 16 - (-4 + 0)) + 0.
-6
Evaluate (-8 - -2 - -7) + -7.
-6
What is the value of -20 + 16 - (2 + -3 - -1)?
-4
(1 - (4 + -7)) + (-2 - -2)
4
What is (10 - 18) + 8 + 4 + -1?
3
Calculate 1 + -13 - (-7 + 4 + -3).
-6
Calculate -1 - (1 + (-2 - -10)).
-10
What is the value of -5 - (-8 + 5 + -5)?
3
Calculate -4 + (3 + 3 - 1) - 1.
0
1 - 8 - ((-6 - -17) + -15)
-3
What is 7 - (-7 - -24 - 3)?
-7
Calculate -1 - -5 - (5 - (-1 + 6)).
4
6 + -5 - 4 - -4
1
Calculate 12 + -2 - 4 - 13 - -6.
-1
What is -1 + 3 + (-8 - 10) + 22?
6
Calculate 1 + 6 + (-20 - -11).
-2
Calculate -2 - (7 + -7) - (-2 - -8).
-8
What is the value of (-5 - (6 - 7)) + (0 - -10)?
6
Evaluate (-17 - -10) + -1 + 3.
-5
Evaluate -1 + (-9 - (3 + -7)) + 1.
-5
What is the value of 0 + 2 + -10 - -6?
-2
3 + (0 - -4) + -3 - 9
-5
3 - (4 + -1 + 1) - 3
-4
Evaluate -17 + 24 - (0 - -5).
2
Calculate (-8 - 0) + (10 - 6) - -3.
-1
What is the value of 11 + -8 + (-10 - -2)?
-5
What is (0 - -2) + 0 + -5?
-3
Calculate -7 - (-8 - 2) - 2.
1
Calculate 10 - (-3 - -4) - 5.
4
What is (-4 - -2 - -10) + 15 + -18?
5
What is -2 + -1 - (4 - 3)?
-4
What is the value of (-4 - (-1 - 2)) + (-40 - -34)?
-7
What is -1 - (7 + (-2 - -1 - 2))?
-5
Calculate 9 - 7 - (4 + -1).
-1
Calculate -10 + -1 + (-190 - -208).
7
What is the value of (-3 - -3)